. Let s = -32 + b. Suppose s*d = -2*r + 64, 5*d = -r + 8*d + 40. Is r a multiple of 30?
False
Suppose 0 = -280*h + 389*h - 236748. Is h a multiple of 9?
False
Let t(k) = -3575 + 3575 - k. Let n be t(12). Let x(o) = -o**3 - 14*o**2 - 30*o - 6. Is 5 a factor of x(n)?
False
Let v = 119 - 96. Let r(g) = 2*g**2 - 45*g - 20. Let c be r(v). Suppose -2*u - 5*n = 2*u - 1472, -c*u = 3*n - 1107. Is u a multiple of 32?
False
Suppose -3*q - 71 = 5*l, -l = -4*q + l - 86. Let v = q - -26. Is (-2)/(v/(-162))*(-4)/(-6) a multiple of 18?
True
Suppose -114*z = 9*l - 110*z - 209676, 0 = -4*l + 4*z + 93172. Is 34 a factor of l?
False
Suppose 2*m - 58462 = -60*c + 62*c, -5*m + 146163 = 3*c. Is 48 a factor of m?
True
Let g(t) = 25*t**2 - t. Let s be g(5). Suppose 5*b - s = -4*d, -255 = -2*d + 3*b + 55. Suppose -d = -5*l + 65. Is l a multiple of 4?
True
Let t(q) = -150*q - 7. Let r = -131 + 131. Suppose r = -26*d + 35*d + 9. Is 15 a factor of t(d)?
False
Let r(m) = -29*m**3 - 4*m**2 - 6*m - 130. Is 5 a factor of r(-7)?
False
Let d = 19725 + -13344. Does 6 divide d?
False
Let w(q) be the third derivative of -q**5/60 - 3*q**4/8 - 5*q**3/6 + 45*q**2. Let g be w(-5). Is g/(-9)*120/(-4) a multiple of 25?
True
Let c(i) = 13*i**2 + 10*i - 94. Does 34 divide c(12)?
False
Suppose 38080 = -79*z + 81*z - 5*o, -3*z - 3*o = -57141. Does 65 divide z?
True
Suppose -5*x + 3 = -17. Let d(o) = o**3 - 6*o**2 + 12*o - 10. Let r be d(x). Suppose 0 = 11*n - r*n - 25. Is 3 a factor of n?
False
Let n(t) = t**3 + 24*t**2 - 2*t - 11. Is n(-11) a multiple of 18?
True
Let z be (-1)/((22587/3765 - 4) + -2). Does 11 divide (-11)/(-6 + z/210)?
True
Suppose 19*t = 18*t + 100. Let v = -99 + t. Suppose 2*a + 2*p - 30 = 8, v = -p. Does 6 divide a?
False
Is 4 a factor of 14*222/42 + (-2 - (-2 + 4))?
False
Let t = -18321 - -32589. Is 87 a factor of t?
True
Let y be 8/18*18/4. Suppose -10*t = g - 11*t - 7, 4*g = 2*t + 18. Is 15 a factor of (-380)/(-4) - y - g*-2?
False
Suppose -2*p = a + 16, -3*p - 30 = a - 8*p. Let n = 33 + a. Suppose n*l - 9*l = 32. Does 8 divide l?
True
Suppose 191391 = 31*b - 177385. Does 32 divide b?
False
Let g = -154 + 99. Let p = g + 239. Does 8 divide p?
True
Let h = 3535 - -5558. Does 2 divide h?
False
Suppose -673664 = -54*l - 41594. Does 32 divide l?
False
Is (-1)/(-7) - (-11)/((-77)/(-8868)) - 5 even?
True
Let o(y) = y**2 - 2*y - 38. Let s = -44 + 31. Is o(s) a multiple of 29?
False
Let z be (-120)/(-420)*7*1. Does 4 divide z/(2*(1 - (-140)/(-144)))?
True
Let x = 2026 + -2300. Let f be 46/((-6)/(-4) - 2). Let o = f - x. Is o a multiple of 10?
False
Suppose -14*c + 10*c = -12. Suppose -2*n + c*x + 153 + 30 = 0, 105 = n + 3*x. Suppose 0*f - 4*f + n = 0. Does 12 divide f?
True
Suppose 48*l - 40617 = -24121 + 86656. Is 15 a factor of l?
False
Let h(o) = -4*o**3 + 142*o**2 + 131*o - 54. Does 90 divide h(36)?
True
Let h(m) = -64*m + 18. Suppose 5 = v - 2*v. Is 15 a factor of h(v)?
False
Let b = 5 + -10. Let z be b/((-5)/4) + 7. Let j = z + 8. Does 5 divide j?
False
Let b(g) be the third derivative of g**4/6 - 5*g**3/6 - 9*g**2. Let t be b(2). Suppose w = 0, t*h = h + 3*w + 84. Is 21 a factor of h?
True
Let x(a) = -13*a**3 - 2*a + 5. Does 9 divide x(-2)?
False
Is 27 a factor of 1/(7/76466) - (-52)/182*1?
False
Let c(o) = o**3 + 23*o**2 + 7*o + 62. Is 28 a factor of c(-19)?
False
Let m(v) = -v**3 - 6*v**2 - 4*v. Let f(w) = -2*w**3 - 11*w**2 - 8*w + 1. Let l(b) = -6*f(b) + 13*m(b). Let h(o) = 2*o + 6. Let i be h(-9). Does 14 divide l(i)?
True
Suppose -1233 = -h + i, 0 = -9*h + 4*h - 2*i + 6193. Let a = h - 686. Is a a multiple of 6?
False
Is 23 a factor of ((-3212)/198)/((-4)/1656)?
True
Let m(c) = -c - 38. Let j be m(-23). Is 28 a factor of (-4 - 2052/(-15)) + (-3)/j?
False
Is ((-108)/14)/((-4)/1400) a multiple of 90?
True
Suppose -5*q + 346 = 2036. Let h = -322 - q. Is 2 a factor of h?
True
Is 11 a factor of (40/28)/(80/672) + 27109?
False
Suppose -66 = -17*p + 53. Let s(z) = 3*z**2 + 7*z - 4. Let b be s(p). Let w = b + -5. Does 17 divide w?
True
Let v(f) = 491*f**2 + 1539*f + 6136. Is 14 a factor of v(-4)?
False
Suppose 101*i = -19*i - 1200. Let o(g) = -8*g + 44. Let u(f) = -f + 5. Let x(b) = -6*o(b) + 52*u(b). Does 5 divide x(i)?
False
Does 13 divide ((-434)/21 + 11)/((1/(-234))/1)?
True
Let j(u) = 921*u + 49. Let h be j(-1). Let p = 942 + h. Is p a multiple of 14?
True
Suppose -56*h + 126 = -49*h. Let t(s) = 4*s**2 - 66*s - 2. Is t(h) a multiple of 4?
False
Suppose r - 3*r + 4*z + 20 = 0, r + 3*z + 10 = 0. Suppose 5*a - 341 = r*d, -3*d + 64 = 58. Is a even?
False
Let i be 0*(4/40 + (-6)/10). Let t = 142 - 62. Suppose c - w - 19 = i, -c = 3*c - 2*w - t. Is c a multiple of 13?
False
Let c(f) = -40 + 88 - 2*f - 50. Let m be c(-3). Suppose -m*z - 69 = -413. Is 12 a factor of z?
False
Suppose 3*i - 3 = -3*o, 5*o - 4*i - 21 = -i. Suppose o*d - 4*u + 6 = 0, -d - u = 4*d - 13. Suppose 4*b - 27 = -d*x - b, -5*b = -5*x + 120. Is x a multiple of 7?
True
Suppose 0 = f + 2*l + 2*l - 577, -2 = -2*l. Suppose -4*k - 5320 = -14*k. Suppose 13*y - f = k. Does 6 divide y?
False
Suppose 0 = 5*m - 4*c, 1 = -2*c + 11. Suppose r = -m*r + r. Does 3 divide (1 - (0 + r))/((-31)/(-837))?
True
Suppose 247*d = 77*d + 2382380. Is d a multiple of 37?
False
Suppose -5*c + 12*c = -14. Let g be (-131)/((-6)/c + 14/(-4)). Suppose 5*a - 3*a - g = 0. Does 32 divide a?
False
Suppose -9*h + 3*h - 246 = 0. Suppose 0 = -z + 1, 0 = -3*s - 0*s - z - 95. Let t = s - h. Does 5 divide t?
False
Suppose 457*b = 435*b + 403898. Is 23 a factor of b?
False
Let l(n) = 4*n**2 - 1. Suppose -12 = -5*i - 7. Let f be l(i). Suppose 0*m - 3*y = m - 46, f*m = 5*y + 110. Is 31 a factor of m?
False
Let i = -11 + 22. Suppose i*n = 8*n + 231. Suppose -n + 203 = 2*f. Is 19 a factor of f?
False
Let c(u) = 549*u - 8311. Does 16 divide c(43)?
True
Suppose 130*i + 103220 = 153*i + 26607. Does 50 divide i?
False
Suppose -6*l = 1053 - 213. Let i = l + 392. Is 14 a factor of i?
True
Let q = -543 - -11358. Is 21 a factor of q?
True
Let u(y) = 355*y + 47. Does 19 divide u(11)?
True
Let z(y) = y**2 + 9*y - 16. Let r be z(-12). Let q = r + -20. Suppose -3*x + 3*i = -q*i - 312, -4*x + 444 = 3*i. Is 12 a factor of x?
True
Let l = -23345 - -41374. Is l a multiple of 149?
True
Let h be (15/(-2))/((-33)/22) - -4. Is 28 a factor of (84/(-16))/(h/(-336))?
True
Let f(s) = -s**3 + s**2 + 3*s + 6. Let z be f(3). Does 13 divide 3*(z + 11/3) + 362?
True
Let h(w) = 9*w - 10. Let b(r) = -9*r + 9. Let z(i) = -6*b(i) - 7*h(i). Suppose m - 4*m - 21 = 0. Is 14 a factor of z(m)?
False
Suppose -3*o + 11058 = -349*p + 352*p, 0 = -p + 5*o + 3692. Does 38 divide p?
False
Let b be 4 + 5 + -11 - (-416)/2. Let c = 371 - b. Does 5 divide c?
True
Let r(m) = 361*m + 1205. Is r(24) a multiple of 71?
True
Let l(a) = -a**3 + 14*a**2 + 15*a - 18. Let y be l(15). Let u be ((-15)/(-10) + -2)*y. Suppose u*q - 204 = 5*q. Is 34 a factor of q?
False
Let v(r) = 59*r + 2711. Is 72 a factor of v(-13)?
True
Suppose 42*r + 16675 = 81523. Is r a multiple of 8?
True
Let d(h) = -h**3 + 7*h**2 + 10*h - 12. Let f be d(8). Suppose 148 + 144 = 2*u - f*v, 560 = 4*u - 2*v. Is 12 a factor of u?
False
Let d = 117 - 112. Suppose -d*u + 7*u = s + 117, 292 = 5*u - 2*s. Does 4 divide u?
False
Suppose -18983 = -4*n - 5*z, 13*n - 11*n = 3*z + 9519. Does 22 divide n?
True
Suppose 2*y - h + 1933 = 3*y, -y - 5*h + 1913 = 0. Is y a multiple of 17?
True
Suppose 0 = -28*m + 17*m + 2365. Let l = m + -39. Is l a multiple of 11?
True
Let f(j) = j**3 - 4*j**2 + 5*j + 3. Let r be f(0). Suppose -5*w + 3*l - 497 + 2822 = 0, -w = -r*l - 453. Is 18 a factor of w?
True
Suppose 1133 = -4*f + 5*h, 7*h = 5*f + 2*h + 1415. Let z = f - -334. Does 4 divide z?
True
Let r(q) = 11*q - 74. Let w be r(6). Suppose 0*d = -d + 3*u - 5, -2*d = -3*u + 7. Is (-1)/(18/w - d) a multiple of 4?
True
Suppose 5*l + 5*u = -15, u + 26 = -2*l + 3*u. Let o be (3/2)/(l/(-272)). Is 15 a factor of 3*4/6*o?
False
Let i = -312 - -315. Suppose 0 = -i*y + 5*h + 1405, y - 2*h - 564 = -94. Is y a multiple of 23?
True
Let j(a) = 485*a + 47 - 94 + 50. Is j(1) a multiple of 13?
False
Suppose 0*p = -5*p + 5, 3 = -2*k + 3*p. Suppose 0 = 2*c - 3*h - 351, 168 = -k*c + c - 4*h. Does 45 divide c?
True
Let w(b) = 208*b + 2277. Is w(6) a multiple of 22?
False
Let u be 10